millions digit of 1193478?
1
What is the ten thousands digit of 1886108299?
0
What is the thousands digit of 37092226?
2
What is the ten thousands digit of 57315666?
1
What is the millions digit of 277920234?
7
What is the hundreds digit of 157792439?
4
What is the millions digit of 34771460?
4
What is the hundreds digit of 7284626?
6
What is the millions digit of 29192317?
9
What is the units digit of 803764182?
2
What is the hundred thousands digit of 571656342?
6
What is the thousands digit of 1020839921?
9
What is the ten millions digit of 672622159?
7
What is the thousands digit of 42700426?
0
What is the thousands digit of 165852728?
2
What is the tens digit of 24685952?
5
What is the hundred millions digit of 261068606?
2
What is the hundred millions digit of 114329136?
1
What is the tens digit of 414987608?
0
What is the tens digit of 44059063?
6
What is the ten thousands digit of 4185646053?
4
What is the millions digit of 1160121512?
0
What is the ten thousands digit of 649841794?
4
What is the millions digit of 83151431?
3
What is the units digit of 45827530?
0
What is the hundred thousands digit of 1265531923?
5
What is the hundreds digit of 504365190?
1
What is the hundred millions digit of 104809108?
1
What is the billions digit of 1395998234?
1
What is the tens digit of 489599869?
6
What is the thousands digit of 711340364?
0
What is the tens digit of 135059700?
0
What is the hundreds digit of 100252191?
1
What is the hundred millions digit of 860760214?
8
What is the thousands digit of 2585498572?
8
What is the hundred millions digit of 791939779?
7
What is the hundreds digit of 4603907677?
6
What is the hundred thousands digit of 1622503943?
5
What is the hundred millions digit of 3651666505?
6
What is the hundreds digit of 1387436818?
8
What is the hundreds digit of 16115000?
0
What is the millions digit of 121516793?
1
What is the ten millions digit of 71035282?
7
What is the units digit of 251257254?
4
What is the hundred thousands digit of 86985581?
9
What is the ten thousands digit of 25069755?
6
What is the hundreds digit of 947359628?
6
What is the millions digit of 2030187294?
0
What is the ten millions digit of 6562215359?
6
What is the thousands digit of 65919134?
9
What is the tens digit of 7267091782?
8
What is the ten millions digit of 26847234?
2
What is the ten thousands digit of 117101176?
0
What is the millions digit of 274374001?
4
What is the thousands digit of 1126472033?
2
What is the millions digit of 162365966?
2
What is the millions digit of 44539076?
4
What is the units digit of 144569460?
0
What is the hundred millions digit of 157796652?
1
What is the millions digit of 1699652685?
9
What is the ten thousands digit of 90327807?
2
What is the units digit of 1341200995?
5
What is the thousands digit of 1241983797?
3
What is the tens digit of 1169645178?
7
What is the thousands digit of 265397753?
7
What is the thousands digit of 974632698?
2
What is the hundred thousands digit of 896477092?
4
What is the ten thousands digit of 508220532?
2
What is the tens digit of 143440448?
4
What is the millions digit of 54917078?
4
What is the millions digit of 830263790?
0
What is the hundred thousands digit of 179491731?
4
What is the thousands digit of 69184801?
4
What is the ten millions digit of 233411319?
3
What is the hundred thousands digit of 64440884?
4
What is the hundred thousands digit of 33050780?
0
What is the ten millions digit of 437294828?
3
What is the hundred thousands digit of 762272909?
2
What is the thousands digit of 7174628?
4
What is the units digit of 103581917?
7
What is the hundreds digit of 224494681?
6
What is the millions digit of 30738338?
0
What is the billions digit of 5085671346?
5
What is the tens digit of 873619?
1
What is the units digit of 1063597061?
1
What is the thousands digit of 4852499997?
9
What is the tens digit of 47984672?
7
What is the hundred thousands digit of 81849263?
8
What is the hundreds digit of 27747718?
7
What is the units digit of 67408098?
8
What is the billions digit of 2186950365?
2
What is the ten thousands digit of 50635863?
3
What is the millions digit of 17350029?
7
What is the hundred millions digit of 123166652?
1
What is the hundreds digit of 161754289?
2
What is the units digit of 44435072?
2
What is the ten millions digit of 7571248142?
7
What is the millions digit of 420610414?
0
What is the ten thousands digit of 97170750?
7
What is the ten thousands digit of 117197244?
9
What is the hundred millions digit of 1538542134?
5
What is the thousands digit of 111937599?
7
What is the units digit of 1151455813?
3
What is the ten thousands digit of 342863442?
6
What is the hundred millions digit of 856010377?
8
What is the ten millions digit of 12277467?
1
What is the millions digit of 161837696?
1
What is the ten thousands digit of 164467324?
6
What is the units digit of 87394397?
7
What is the tens digit of 761750796?
9
What is the hundred thousands digit of 353664184?
6
What is the ten millions digit of 33434179?
3
What is the ten thousands digit of 593775466?
7
What is the units digit of 41823139?
9
What is the units digit of 306643445?
5
What is the ten thousands digit of 93835841?
3
What is the millions digit of 47166836?
7
What is the billions digit of 1361647415?
1
What is the hundreds digit of 210893291?
2
What is the hundred thousands digit of 1232177761?
1
What is the millions digit of 139791191?
9
What is the ten millions digit of 2732800966?
3
What is the tens digit of 7582228?
2
What is the ten thousands digit of 178969701?
6
What is the hundred millions digit of 859537615?
8
What is the hundred millions digit of 370113550?
3
What is the thousands digit of 246809060?
9
What is the thousands digit of 368197002?
7
What is the billions digit of 1874848593?
1
What is the hundred millions digit of 716300641?
7
What is the hundreds digit of 16195051?
0
What is the tens digit of 3861453184?
8
What is the billions digit of 6112553251?
6
What is the hundred thousands digit of 438311893?
3
What is the tens digit of 5783816516?
1
What is the thousands digit of 7802383?
2
What is the units digit of 3802749761?
1
What is the tens digit of 252604959?
5
What is the hundreds digit of 33111319?
3
What is the millions digit of 974762363?
4
What is the thousands digit of 3150862?
0
What is the units digit of 521238823?
3
What is the tens digit of 1230701802?
0
What is the ten millions digit of 1157140930?
5
What is the thousands digit of 117368498?
8
What is the hundreds digit of 3256750?
7
What is the units digit of 56455227?
7
What is the hundred millions digit of 446130911?
4
What is the tens digit of 208079233?
3
What is the hundred millions digit of 2436867320?
4
What is the millions digit of 3273632293?
3
What is the units digit of 44529089?
9
What is the units digit of 445974219?
9
What is the ten thousands digit of 418842909?
4
What is the tens digit of 186419838?
3
What is the tens digit of 48075264?
6
What is the hundred thousands digit of 213863875?
8
What is the units digit of 1627893944?
4
What is the millions digit of 883997735?
3
What is the ten millions digit of 100483332?
0
What is the millions digit of 37471118?
7
What is the ten millions digit of 124590968?
2
What is the hundred thousands digit of 328505809?
5
What is the units digit of 4923379497?
7
What is the ten thousands digit of 29063110?
6
What is the hundred thousands digit of 2542391498?
3
What is the hundred thousands digit of 21178576?
1
What is the hundreds digit of 430987465?
4
What is the hundred thousands digit of 265714770?
7
What is the units digit of 293645876?
6
What is the hundred millions digit of 807839344?
8
What is the thousands digit of 137867632?
7
What is the hundred millions digit of 167012285?
1
What is the hundreds digit of 972541150?
1
What is the thousands digit of 45302382?
2
What is the hundred millions digit of 153944003?
1
What is the units digit of 86311345?
5
What is the thousands digit of 2752606342?
6
What is the thousands digit of 101756580?
6
What is the thousands digit of 896650726?
0
What is the ten millions digit of 82032735?
8
What is the millions digit of 374569336?
4
What is the units digit of 123559705?
5
What is the hundreds digit 